{"id":472,"date":"2022-02-08T17:39:24","date_gmt":"2022-02-08T17:39:24","guid":{"rendered":"https:\/\/bgwiedlisbach.ch\/?page_id=472"},"modified":"2026-03-12T12:31:02","modified_gmt":"2026-03-12T12:31:02","slug":"organisation","status":"publish","type":"page","link":"https:\/\/bgwiedlisbach.ch\/?page_id=472","title":{"rendered":"Organisation"},"content":{"rendered":"\n\n\t\t\t\t<img decoding=\"async\" src=\"https:\/\/bgwiedlisbach.ch\/wp-content\/uploads\/2022\/02\/Logo_Burgergemeinde.png\" alt=\"Logo_Burgergemeinde\" itemprop=\"image\" height=\"167\" width=\"174\" title=\"Logo_Burgergemeinde\" onerror=\"this.style.display='none'\" loading=\"lazy\" \/>\n<h1>\n\t\t\tOrganisation\t<\/h1>\n\t\t\t\t\t\t\tIm Burgerrat sind\n\t\t\t7\n\t\t\t\t\t\t\tPersonen\n\t\t\t<a href=\"\" target=\"_self\">\n\t\t\t<\/a>\n\t\t<img decoding=\"async\" src=\"https:\/\/bgwiedlisbach.ch\/wp-content\/plugins\/bb-plugin\/img\/pixel.png\" alt=\"\" itemprop=\"image\"\/>\n<h2>\n\t\t\tUnser Burgerrat\t<\/h2>\n<h4>\n\t\t\tReto Bohner\t<\/h4>\n\t<strong>Pr\u00e4sident<br \/>\n<\/strong>Ressort: Pr\u00e4sidiales, Finanzen\n\t\t\t\t<img decoding=\"async\" src=\"https:\/\/bgwiedlisbach.ch\/wp-content\/uploads\/2022\/05\/portrait_reto_bohner.jpg\" alt=\"portrait_reto_bohner\" itemprop=\"image\" height=\"2005\" width=\"2004\" title=\"portrait_reto_bohner\" onerror=\"this.style.display='none'\" loading=\"lazy\" \/>\n<h4>\n\t\t\tAlexander Schmitz\t<\/h4>\n\t<strong>Vizepr\u00e4sident<br \/>\n<\/strong>Ressort: Forst\n\t\t\t\t<img decoding=\"async\" src=\"https:\/\/bgwiedlisbach.ch\/wp-content\/uploads\/2022\/05\/portrait_alexander_schmitz.jpg\" alt=\"portrait_alexander_schmitz\" itemprop=\"image\" height=\"1918\" width=\"1918\" title=\"portrait_alexander_schmitz\" onerror=\"this.style.display='none'\" loading=\"lazy\" \/>\n<h4>\n\t\t\tPia Kopp\t<\/h4>\n\tRessort:<br \/>\nAnl\u00e4sse\n\t\t\t\t<img decoding=\"async\" src=\"https:\/\/bgwiedlisbach.ch\/wp-content\/uploads\/2023\/10\/Pia_2_HP.jpg\" alt=\"Pia_2_HP\" itemprop=\"image\" height=\"1676\" width=\"1676\" title=\"Pia_2_HP\" onerror=\"this.style.display='none'\" loading=\"lazy\" \/>\n<h4>\n\t\t\tStefan Lerch\t<\/h4>\n\tRessort<strong><br \/>\n<\/strong>Fernw\u00e4rme\n\t\t\t\t<img decoding=\"async\" src=\"https:\/\/bgwiedlisbach.ch\/wp-content\/uploads\/2025\/04\/Lerch-Stefan_HP2-1.jpg\" alt=\"Lerch Stefan_HP2\" itemprop=\"image\" height=\"1466\" width=\"1468\" title=\"Lerch Stefan_HP2\" onerror=\"this.style.display='none'\" loading=\"lazy\" \/>\n<h4>\n\t\t\tRoger K\u00e4nzig\t<\/h4>\n\tRessort: Pachtland,<br \/>\nBaumbewirtschaftung\n\t\t\t\t<img decoding=\"async\" src=\"https:\/\/bgwiedlisbach.ch\/wp-content\/uploads\/2023\/10\/Roger_2_HP.jpg\" alt=\"Roger_2_HP\" itemprop=\"image\" height=\"1679\" width=\"1676\" title=\"Roger_2_HP\" onerror=\"this.style.display='none'\" loading=\"lazy\" \/>\n<h4>\n\t\t\tSimon Kopp\t<\/h4>\n\tRessort:<br \/>\nLiegenschaften\n\t\t\t\t<img decoding=\"async\" src=\"https:\/\/bgwiedlisbach.ch\/wp-content\/uploads\/2022\/05\/portrait_simon_kopp.jpg\" alt=\"portrait_simon_kopp\" itemprop=\"image\" height=\"1827\" width=\"1828\" title=\"portrait_simon_kopp\" onerror=\"this.style.display='none'\" loading=\"lazy\" \/>\n<h4>\n\t\t\tJan Wagner\t<\/h4>\n\tRessort:<br \/>\nWaldh\u00fctten\n\t\t\t\t<img decoding=\"async\" src=\"https:\/\/bgwiedlisbach.ch\/wp-content\/uploads\/2023\/10\/Jan_2_HP.jpg\" alt=\"Jan_2_HP\" itemprop=\"image\" height=\"1706\" width=\"1676\" title=\"Jan_2_HP\" onerror=\"this.style.display='none'\" loading=\"lazy\" \/>\n<h2>\n\t\t\tUnsere Verwaltung und Mitarbeiter\t<\/h2>\n<h4>\n\t\t\tSandra Moser-W\u00fclser\t<\/h4>\n\t<p><strong>Burgerschreiberin<\/strong><\/p>\n\t\t\t\t<img decoding=\"async\" src=\"https:\/\/bgwiedlisbach.ch\/wp-content\/uploads\/2022\/05\/portrait_sandra_moser.jpg\" alt=\"portrait_sandra_moser\" itemprop=\"image\" height=\"2011\" width=\"2010\" title=\"portrait_sandra_moser\" onerror=\"this.style.display='none'\" loading=\"lazy\" \/>\n<h4>\n\t\t\tMara Artho\t<\/h4>\n\t<p><strong>Burgerkassierin<\/strong><\/p>\n\t\t\t\t<img decoding=\"async\" src=\"https:\/\/bgwiedlisbach.ch\/wp-content\/uploads\/2026\/03\/Artho-Mara-Web3-1-scaled.jpg\" alt=\"Artho Mara Web3\" itemprop=\"image\" height=\"2560\" width=\"2547\" title=\"Artho Mara Web3\" onerror=\"this.style.display='none'\" loading=\"lazy\" \/>\n<h4>\n\t\t\tAdrian K\u00e4nzig\t<\/h4>\n\t<p><strong>Fernw\u00e4rme<\/strong><\/p>\n\t\t\t\t<img decoding=\"async\" src=\"https:\/\/bgwiedlisbach.ch\/wp-content\/uploads\/2022\/05\/portrait_adrian_kaenzig.jpg\" alt=\"portrait_adrian_kaenzig\" itemprop=\"image\" title=\"portrait_adrian_kaenzig\" onerror=\"this.style.display='none'\" loading=\"lazy\" \/>\n\t\t<img decoding=\"async\" src=\"https:\/\/bgwiedlisbach.ch\/wp-content\/plugins\/bb-plugin\/img\/pixel.png\" alt=\"\" itemprop=\"image\"\/>\n\n","protected":false},"excerpt":{"rendered":"<p>Organisation Im Burgerrat sind 7 Personen Unser Burgerrat Reto Bohner Pr\u00e4sident Ressort: Pr\u00e4sidiales, Finanzen Alexander Schmitz Vizepr\u00e4sident Ressort: Forst Pia Kopp Ressort: Anl\u00e4sse Stefan Lerch Ressort Fernw\u00e4rme Roger K\u00e4nzig Ressort: Pachtland, Baumbewirtschaftung Simon Kopp Ressort: Liegenschaften Jan Wagner Ressort: Waldh\u00fctten Unsere Verwaltung und Mitarbeiter Sandra Moser-W\u00fclser Burgerschreiberin Mara Artho Burgerkassierin Adrian K\u00e4nzig Fernw\u00e4rme<\/p>\n","protected":false},"author":1,"featured_media":0,"parent":1140,"menu_order":2,"comment_status":"closed","ping_status":"closed","template":"","meta":{"footnotes":""},"class_list":["post-472","page","type-page","status-publish","hentry"],"_links":{"self":[{"href":"https:\/\/bgwiedlisbach.ch\/index.php?rest_route=\/wp\/v2\/pages\/472","targetHints":{"allow":["GET"]}}],"collection":[{"href":"https:\/\/bgwiedlisbach.ch\/index.php?rest_route=\/wp\/v2\/pages"}],"about":[{"href":"https:\/\/bgwiedlisbach.ch\/index.php?rest_route=\/wp\/v2\/types\/page"}],"author":[{"embeddable":true,"href":"https:\/\/bgwiedlisbach.ch\/index.php?rest_route=\/wp\/v2\/users\/1"}],"replies":[{"embeddable":true,"href":"https:\/\/bgwiedlisbach.ch\/index.php?rest_route=%2Fwp%2Fv2%2Fcomments&post=472"}],"version-history":[{"count":11,"href":"https:\/\/bgwiedlisbach.ch\/index.php?rest_route=\/wp\/v2\/pages\/472\/revisions"}],"predecessor-version":[{"id":1897,"href":"https:\/\/bgwiedlisbach.ch\/index.php?rest_route=\/wp\/v2\/pages\/472\/revisions\/1897"}],"up":[{"embeddable":true,"href":"https:\/\/bgwiedlisbach.ch\/index.php?rest_route=\/wp\/v2\/pages\/1140"}],"wp:attachment":[{"href":"https:\/\/bgwiedlisbach.ch\/index.php?rest_route=%2Fwp%2Fv2%2Fmedia&parent=472"}],"curies":[{"name":"wp","href":"https:\/\/api.w.org\/{rel}","templated":true}]}}